{"id":54,"date":"2015-02-18T21:43:17","date_gmt":"2015-02-18T21:43:17","guid":{"rendered":"https:\/\/www.herler-gmbh.at\/projektmanagement\/home-3\/"},"modified":"2024-07-09T17:01:15","modified_gmt":"2024-07-09T15:01:15","slug":"home","status":"publish","type":"page","link":"https:\/\/www.herler-gmbh.at\/projektmanagement\/","title":{"rendered":"Home"},"content":{"rendered":"<div id=\"cs-content\" class=\"cs-content\"><div class=\"x-section e54-e1 m1i-0\"><div class=\"x-bg\" aria-hidden=\"true\"><div class=\"x-bg-layer-lower-image\" style=\" background-image: url(https:\/\/www.herler-gmbh.at\/projektmanagement\/wp-content\/uploads\/2024\/07\/835239679.jpg); background-repeat: no-repeat; background-position: center; background-size: cover;\"><\/div><\/div><\/div><span data-x-element-responsive-text=\"{&quot;selector&quot;:&quot;.h-intro .x-text-content-text-primary&quot;,&quot;compression&quot;:&quot;1.15&quot;,&quot;minFontSize&quot;:&quot;32px&quot;,&quot;maxFontSize&quot;:&quot;48px&quot;}\" class=\"e54-e2\"><\/span><span data-x-element-responsive-text=\"{&quot;selector&quot;:&quot;.p-intro&quot;,&quot;compression&quot;:&quot;2.65&quot;,&quot;minFontSize&quot;:&quot;16px&quot;,&quot;maxFontSize&quot;:&quot;21px&quot;}\" class=\"e54-e3\"><\/span><span data-x-element-responsive-text=\"{&quot;selector&quot;:&quot;.h-verse .x-text-content-text-primary&quot;,&quot;compression&quot;:&quot;1.15&quot;,&quot;minFontSize&quot;:&quot;24px&quot;,&quot;maxFontSize&quot;:&quot;36px&quot;}\" class=\"e54-e4\"><\/span><div id=\"x-section-1\" class=\"x-section\" style=\"margin: 0px;padding: 45px 0px; background-color: hsl(0, 0%, 100%);\" ><div id=\"\" class=\"x-container max width\" style=\"margin: 0px auto;padding: 0px;\" ><div  class=\"x-column x-sm x-1-1\" style=\"padding: 0px;\" ><div id=\"\" class=\"x-text\" style=\"\" ><h3 class=\"wsite-content-title\"><span><strong>Willkommen bei<br \/>\nBM Ing. Wolfgang Herler<br \/>\n<\/strong><\/span><\/h3>\n<\/div><hr  class=\"x-gap\" style=\"margin: 40px 0 0 0;\"><div id=\"\" class=\"x-text\" style=\"\" ><h4 class=\"wsite-content-title\"><span><strong>\u00d6ffentliche Hochbauten<\/strong><br \/>\n<strong>Investitionsprojekte<\/strong><br \/>\n<strong>Badeanlagen<\/strong><\/span><\/h4>\n<h4 class=\"wsite-content-title\"><span>Projektentwicklung \/ Projektleitung<br \/>\nPlanung \/ Ausschreibung \/ Projektmanagement<br \/>\nArchitektur \/ Innenarchitektur<\/span><\/h4>\n<div style=\"all: initial;\" class=\"notranslate\"><\/div>\n<\/div><div class=\"x-row e54-e11 m1i-1 m1i-2\"><div class=\"x-row-inner\"><\/div><\/div><div id=\"\" class=\"x-text cs-ta-left\" style=\"\" ><h4 class=\"wsite-content-title\"><em>\"Wir planen, managen und realisieren f\u00fcr unsere Bauherren <br \/>\nBauprojekte jeder Art, entsprechend der W\u00fcnsche unserer Kunden.<br \/>\n<\/em><em>Von der ersten Idee bis zur schl\u00fcsselfertigen \u00dcbergabe des Bauprojektes.\"<\/em><\/h4>\n<\/div><hr  class=\"x-gap x-hide-xl x-hide-md x-hide-lg\" style=\"margin: 45px 0 0 0;\"><\/div><\/div><\/div><\/div>\n","protected":false},"excerpt":{"rendered":"<p>Willkommen bei BM Ing. Wolfgang Herler \u00d6ffentliche Hochbauten Investitionsprojekte Badeanlagen Projektentwicklung \/ Projektleitung Planung \/ Ausschreibung \/ Projektmanagement Architektur \/ Innenarchitektur &#8222;Wir planen, managen und realisieren f\u00fcr unsere Bauherren Bauprojekte jeder Art, entsprechend der W\u00fcnsche unserer Kunden. Von der ersten Idee bis zur schl\u00fcsselfertigen \u00dcbergabe des Bauprojektes.&#8220;<\/p>\n","protected":false},"author":1,"featured_media":0,"parent":0,"menu_order":0,"comment_status":"closed","ping_status":"open","template":"template-blank-4.php","meta":{"footnotes":""},"class_list":["post-54","page","type-page","status-publish","hentry","no-post-thumbnail"],"_links":{"self":[{"href":"https:\/\/www.herler-gmbh.at\/projektmanagement\/wp-json\/wp\/v2\/pages\/54","targetHints":{"allow":["GET"]}}],"collection":[{"href":"https:\/\/www.herler-gmbh.at\/projektmanagement\/wp-json\/wp\/v2\/pages"}],"about":[{"href":"https:\/\/www.herler-gmbh.at\/projektmanagement\/wp-json\/wp\/v2\/types\/page"}],"author":[{"embeddable":true,"href":"https:\/\/www.herler-gmbh.at\/projektmanagement\/wp-json\/wp\/v2\/users\/1"}],"replies":[{"embeddable":true,"href":"https:\/\/www.herler-gmbh.at\/projektmanagement\/wp-json\/wp\/v2\/comments?post=54"}],"version-history":[{"count":8,"href":"https:\/\/www.herler-gmbh.at\/projektmanagement\/wp-json\/wp\/v2\/pages\/54\/revisions"}],"predecessor-version":[{"id":138,"href":"https:\/\/www.herler-gmbh.at\/projektmanagement\/wp-json\/wp\/v2\/pages\/54\/revisions\/138"}],"wp:attachment":[{"href":"https:\/\/www.herler-gmbh.at\/projektmanagement\/wp-json\/wp\/v2\/media?parent=54"}],"curies":[{"name":"wp","href":"https:\/\/api.w.org\/{rel}","templated":true}]}}